{"id":66,"date":"2024-01-14T10:17:18","date_gmt":"2024-01-14T09:17:18","guid":{"rendered":"https:\/\/klippenbremnes.no\/?page_id=66"},"modified":"2025-08-31T13:29:53","modified_gmt":"2025-08-31T11:29:53","slug":"framside","status":"publish","type":"page","link":"https:\/\/klippenbremnes.no\/","title":{"rendered":"Me vil at alle skal bli kjent med Jesus og f\u00e5 oppleva Hans kj\u00e6rlighet"},"content":{"rendered":"\n<p class=\"has-text-align-center has-large-font-size\"><\/p>\n\n\n\n<figure class=\"wp-block-image size-large\"><img loading=\"lazy\" decoding=\"async\" width=\"730\" height=\"1024\" src=\"https:\/\/klippenbremnes.no\/wp-content\/uploads\/2025\/08\/IMG_9271-730x1024.jpeg\" alt=\"\" class=\"wp-image-448\" srcset=\"https:\/\/klippenbremnes.no\/wp-content\/uploads\/2025\/08\/IMG_9271-730x1024.jpeg 730w, https:\/\/klippenbremnes.no\/wp-content\/uploads\/2025\/08\/IMG_9271-214x300.jpeg 214w, https:\/\/klippenbremnes.no\/wp-content\/uploads\/2025\/08\/IMG_9271-768x1077.jpeg 768w, https:\/\/klippenbremnes.no\/wp-content\/uploads\/2025\/08\/IMG_9271-1095x1536.jpeg 1095w, https:\/\/klippenbremnes.no\/wp-content\/uploads\/2025\/08\/IMG_9271.jpeg 1147w\" sizes=\"auto, (max-width: 730px) 100vw, 730px\" \/><\/figure>\n\n\n\n<h2 class=\"wp-block-heading has-text-align-center\">Nye innlegg p\u00e5 nettsida v\u00e5r<\/h2>\n\n\n\n<p><\/p>\n\n\n\n<p><\/p>\n\n\n\n<h2 class=\"wp-block-heading\">Atlantic Mission kommer p\u00e5 Bes\u00f8k p\u00e5 S\u00f8ndag den 13.10.24<\/h2>\n\n\n\n<figure class=\"wp-block-image size-large\"><img loading=\"lazy\" decoding=\"async\" width=\"721\" height=\"1024\" src=\"https:\/\/klippenbremnes.no\/wp-content\/uploads\/2024\/10\/IMG_1138-1-721x1024.jpeg\" alt=\"\" class=\"wp-image-296\" srcset=\"https:\/\/klippenbremnes.no\/wp-content\/uploads\/2024\/10\/IMG_1138-1-721x1024.jpeg 721w, https:\/\/klippenbremnes.no\/wp-content\/uploads\/2024\/10\/IMG_1138-1-211x300.jpeg 211w, https:\/\/klippenbremnes.no\/wp-content\/uploads\/2024\/10\/IMG_1138-1-768x1090.jpeg 768w, https:\/\/klippenbremnes.no\/wp-content\/uploads\/2024\/10\/IMG_1138-1-1082x1536.jpeg 1082w, https:\/\/klippenbremnes.no\/wp-content\/uploads\/2024\/10\/IMG_1138-1.jpeg 1170w\" sizes=\"auto, (max-width: 721px) 100vw, 721px\" \/><\/figure>\n\n\n\n<figure class=\"wp-block-image size-large\"><img loading=\"lazy\" decoding=\"async\" width=\"744\" height=\"1024\" src=\"https:\/\/klippenbremnes.no\/wp-content\/uploads\/2024\/08\/Konferanse-2024-744x1024.jpeg\" alt=\"\" class=\"wp-image-236\" srcset=\"https:\/\/klippenbremnes.no\/wp-content\/uploads\/2024\/08\/Konferanse-2024-744x1024.jpeg 744w, https:\/\/klippenbremnes.no\/wp-content\/uploads\/2024\/08\/Konferanse-2024-218x300.jpeg 218w, https:\/\/klippenbremnes.no\/wp-content\/uploads\/2024\/08\/Konferanse-2024-768x1057.jpeg 768w, https:\/\/klippenbremnes.no\/wp-content\/uploads\/2024\/08\/Konferanse-2024-1116x1536.jpeg 1116w, https:\/\/klippenbremnes.no\/wp-content\/uploads\/2024\/08\/Konferanse-2024.jpeg 1170w\" sizes=\"auto, (max-width: 744px) 100vw, 744px\" \/><\/figure>\n\n\n\n<figure class=\"wp-block-image size-large\"><img loading=\"lazy\" decoding=\"async\" width=\"736\" height=\"1024\" src=\"https:\/\/klippenbremnes.no\/wp-content\/uploads\/2024\/08\/JUM-1-736x1024.jpeg\" alt=\"\" class=\"wp-image-233\" srcset=\"https:\/\/klippenbremnes.no\/wp-content\/uploads\/2024\/08\/JUM-1-736x1024.jpeg 736w, https:\/\/klippenbremnes.no\/wp-content\/uploads\/2024\/08\/JUM-1-216x300.jpeg 216w, https:\/\/klippenbremnes.no\/wp-content\/uploads\/2024\/08\/JUM-1-768x1068.jpeg 768w, https:\/\/klippenbremnes.no\/wp-content\/uploads\/2024\/08\/JUM-1-1105x1536.jpeg 1105w, https:\/\/klippenbremnes.no\/wp-content\/uploads\/2024\/08\/JUM-1.jpeg 1170w\" sizes=\"auto, (max-width: 736px) 100vw, 736px\" \/><\/figure>\n\n\n\n<p>Klippen held til p\u00e5 Svortland, B\u00f8mlo Kommune.<\/p>\n\n\n\n<h2 class=\"wp-block-heading\">Innsamling til Open Heart Mars 2024<\/h2>\n\n\n\n<p>S\u00e5 var \u00e5rets innsamling ferdig, B\u00f8mlingen har ogs\u00e5 denne gang vert flinke \u00e5 gi in b\u00e5de kl\u00e6r og penger, vi \u00f8nske \u00e5 gi en stor takk til alle som har v\u00e6rt med \u00e5 bidratt til en fin innsamling<\/p>\n\n\n\n<figure class=\"wp-block-image size-large\"><img loading=\"lazy\" decoding=\"async\" width=\"768\" height=\"1024\" src=\"https:\/\/klippenbremnes.no\/wp-content\/uploads\/2024\/03\/IMG_7935-768x1024.jpg\" alt=\"\" class=\"wp-image-178\" srcset=\"https:\/\/klippenbremnes.no\/wp-content\/uploads\/2024\/03\/IMG_7935-768x1024.jpg 768w, https:\/\/klippenbremnes.no\/wp-content\/uploads\/2024\/03\/IMG_7935-225x300.jpg 225w, https:\/\/klippenbremnes.no\/wp-content\/uploads\/2024\/03\/IMG_7935-1152x1536.jpg 1152w, https:\/\/klippenbremnes.no\/wp-content\/uploads\/2024\/03\/IMG_7935-1536x2048.jpg 1536w, https:\/\/klippenbremnes.no\/wp-content\/uploads\/2024\/03\/IMG_7935-scaled.jpg 1920w\" sizes=\"auto, (max-width: 768px) 100vw, 768px\" \/><\/figure>\n\n\n<div class=\"wp-block-image\">\n<figure class=\"aligncenter size-large\"><img loading=\"lazy\" decoding=\"async\" width=\"569\" height=\"1024\" src=\"https:\/\/klippenbremnes.no\/wp-content\/uploads\/2024\/02\/SOS-Ukraina-3-2-569x1024.jpg\" alt=\"\" class=\"wp-image-149\" srcset=\"https:\/\/klippenbremnes.no\/wp-content\/uploads\/2024\/02\/SOS-Ukraina-3-2-569x1024.jpg 569w, https:\/\/klippenbremnes.no\/wp-content\/uploads\/2024\/02\/SOS-Ukraina-3-2-167x300.jpg 167w, https:\/\/klippenbremnes.no\/wp-content\/uploads\/2024\/02\/SOS-Ukraina-3-2-768x1382.jpg 768w, https:\/\/klippenbremnes.no\/wp-content\/uploads\/2024\/02\/SOS-Ukraina-3-2-854x1536.jpg 854w, https:\/\/klippenbremnes.no\/wp-content\/uploads\/2024\/02\/SOS-Ukraina-3-2-1138x2048.jpg 1138w, https:\/\/klippenbremnes.no\/wp-content\/uploads\/2024\/02\/SOS-Ukraina-3-2-scaled.jpg 1423w\" sizes=\"auto, (max-width: 569px) 100vw, 569px\" \/><\/figure>\n<\/div>","protected":false},"excerpt":{"rendered":"<p>Nye innlegg p\u00e5 nettsida v\u00e5r Atlantic Mission kommer p\u00e5 Bes\u00f8k p\u00e5 S\u00f8ndag den 13.10.24 Klippen held til p\u00e5 Svortland, B\u00f8mlo Kommune. Innsamling til Open Heart Mars 2024 S\u00e5 var \u00e5rets innsamling ferdig, B\u00f8mlingen har ogs\u00e5 denne gang vert flinke \u00e5 gi in b\u00e5de kl\u00e6r og penger, vi \u00f8nske \u00e5 gi en stor takk til alle [&hellip;]<\/p>\n","protected":false},"author":1,"featured_media":0,"parent":0,"menu_order":0,"comment_status":"closed","ping_status":"closed","template":"","meta":{"footnotes":""},"class_list":["post-66","page","type-page","status-publish","hentry","eq-blocks"],"_links":{"self":[{"href":"https:\/\/klippenbremnes.no\/index.php?rest_route=\/wp\/v2\/pages\/66","targetHints":{"allow":["GET"]}}],"collection":[{"href":"https:\/\/klippenbremnes.no\/index.php?rest_route=\/wp\/v2\/pages"}],"about":[{"href":"https:\/\/klippenbremnes.no\/index.php?rest_route=\/wp\/v2\/types\/page"}],"author":[{"embeddable":true,"href":"https:\/\/klippenbremnes.no\/index.php?rest_route=\/wp\/v2\/users\/1"}],"replies":[{"embeddable":true,"href":"https:\/\/klippenbremnes.no\/index.php?rest_route=%2Fwp%2Fv2%2Fcomments&post=66"}],"version-history":[{"count":32,"href":"https:\/\/klippenbremnes.no\/index.php?rest_route=\/wp\/v2\/pages\/66\/revisions"}],"predecessor-version":[{"id":451,"href":"https:\/\/klippenbremnes.no\/index.php?rest_route=\/wp\/v2\/pages\/66\/revisions\/451"}],"wp:attachment":[{"href":"https:\/\/klippenbremnes.no\/index.php?rest_route=%2Fwp%2Fv2%2Fmedia&parent=66"}],"curies":[{"name":"wp","href":"https:\/\/api.w.org\/{rel}","templated":true}]}}